late the highest common factor of c and p.
6
Let p be -1 - (0 - (14 + 1/1)). Suppose -b - 20 = -56. Let f = b - 1. What is the greatest common divisor of p and f?
7
Suppose 12*d + 29040 = 144*d - 22*d. Let x be (32 + 1)*(0 - -1). Calculate the highest common factor of x and d.
33
Suppose 0 = 17*z - 101 + 33. Suppose -p + 3*p + 158 = 5*g, -5*g = 3*p - 163. Calculate the greatest common divisor of g and z.
4
Suppose -2*q + 464 = 2*a, -2*q - 73 + 533 = -2*a. What is the greatest common factor of 165 and q?
33
Let v(n) = n**3 + 25*n**2 + 53*n - 22. Let j be v(-22). Let y be (-1 - 5/10)/(1/(-22)). What is the highest common factor of y and j?
33
Suppose -4*c + 133 = 5*z, 5*c - 5*z - 89 - 21 = 0. Let l be ((-27)/(-2))/(2/32). What is the greatest common factor of l and c?
27
Let f be -1*(-953 - -4) - 5. Calculate the greatest common factor of f and 295.
59
Suppose -12*a = 89 - 1265. Let x = 134 - a. What is the highest common factor of x and 9?
9
Suppose -3*i + 2*i = -7. What is the highest common divisor of i and 224?
7
Let q be (3/2 + -2)/((-12)/72). Suppose q*s = -2*g - 2*s + 38, -4 = -2*s. What is the greatest common factor of 56 and g?
14
Let r = 210 - 202. Let y = 14 + -9. Let p(n) = n**2 - 5*n + 2. Let h be p(y). Calculate the highest common factor of r and h.
2
Suppose 0 = 2*h - 3*h + 259. Let w be ((1 + 0)/2)/(-1)*-74. Calculate the highest common factor of h and w.
37
Let t(l) = 2*l**2 + 1. Let d be t(1). Let f(r) = -d*r + 5 - 3 - r**2 - 4*r + 7. Let v be f(-7). Calculate the highest common divisor of 9 and v.
9
Let p be (0 - 50/(-4))/((-19)/(-38)). Calculate the greatest common divisor of p and 1.
1
Let d be 1*(-3 - -1) - (5 + -17). Calculate the greatest common factor of 160 and d.
10
Let y = -251 + 420. Calculate the greatest common divisor of y and 13.
13
Suppose -4*r = n - 12, 2*n - 8*r = -4*r. Suppose n = 5*p + 14, -4*m = -p - 30. Calculate the greatest common factor of m and 77.
7
Let b = 320 + -111. What is the greatest common divisor of 33 and b?
11
Suppose 20*t - 2421 = -441. What is the highest common divisor of 18 and t?
9
Let j be -4 + (-1 - -2 - -4). Let v be (54/45)/(j/5). What is the highest common divisor of v and 30?
6
Suppose -432 = -26*d + 24*d - 2*y, -1080 = -5*d + 5*y. What is the greatest common divisor of 24 and d?
24
Let w(x) = x**3 + x**2 - 39*x + 1. Let t be w(-6). What is the highest common divisor of t and 11?
11
Let s(j) = 8*j**2 + 4*j + 2. Let o = 30 - 27. Let m be -2*o*(-3)/(-9). Let v be s(m). What is the greatest common divisor of v and 13?
13
Suppose 9*k - 5*k = -44. Let o(n) = n**2 - n - 9 - 3*n + 14*n. Let h be o(k). Calculate the greatest common factor of h and 2.
2
Suppose -4*d = -4*t + 252, -76*t + 72*t - d = -267. Calculate the greatest common divisor of t and 30.
6
Suppose 156 = u + 4*o, 5*u = 6*o - 2*o + 780. Let b = u + -110. What is the highest common factor of b and 69?
23
Suppose 0 = -3*f - 5*r - 19, -2*r - 5 = 5*f + r. Suppose f*w = -8 + 18. What is the highest common factor of w and 15?
5
Suppose v + 5*t = 42, 4*v - 151 = -4*t + 1. Calculate the greatest common divisor of 629 and v.
37
Let q be (-2 + -19)/(2/(-4)). Let f = -286 + 292. What is the greatest common factor of f and q?
6
Let v = 298 + -222. What is the greatest common divisor of v and 76?
76
Suppose 33*q = 37*q - 4. Let a be (13 - 12) + q + 40 + -2. What is the greatest common divisor of 10 and a?
10
Let s = -1 + 2. Suppose -5*j - 31 = -146. Let f = j - 16. Calculate the highest common divisor of s and f.
1
Let j = 52 + -31. Let f = j - 15. Suppose 4*h + 48 = f*h. What is the highest common factor of 12 and h?
12
Let p = 27 - -88. Let z be 5*(2 + 13) - 3. Let i = z - 49. What is the greatest common factor of i and p?
23
Let g be (-307 + -17)/((-6)/80). Calculate the highest common divisor of 135 and g.
135
Suppose -25*a + 13167 = 8*a. What is the greatest common factor of a and 57?
57
Suppose 4*o + 509 = 3*b + 3*o, -2*o + 326 = 2*b. Calculate the highest common factor of b and 36.
12
Let j(o) = -o**3 - 11*o**2 - 4*o - 7. Let p be j(-11). Calculate the highest common divisor of p and 2368.
37
Suppose -2*u + 14 = 5*z, -5*u + 20 = 3*z + 4. Let n(d) = -d + 7. Let l be n(7). Suppose l*r + z*r = 8. What is the greatest common divisor of 2 and r?
2
Let u = -13 - -15. Suppose -3*n + 3*r + 507 = 6*r, -u*n = -2*r - 342. Calculate the greatest common divisor of 68 and n.
34
Let y be (-462)/(-15) - 56/70. What is the greatest common divisor of 30 and y?
30
Suppose 43 = -d + 9. Let j = d + 94. What is the greatest common factor of 30 and j?
30
Let s(i) = -8*i**2 - 66*i - 7. Let k be s(-7). What is the greatest common divisor of k and 9?
9
Suppose 0 = -5*u + 46 + 14. Let s be 1/((-10)/(-125))*(-24)/(-10). Calculate the highest common divisor of u and s.
6
Suppose -5*f = 4*j - 27 - 22, 0 = -3*j + 3. Let s = 37 + -31. What is the highest common divisor of f and s?
3
Let f(g) = 4*g**2 - 4*g - 30. Let w be f(-3). What is the greatest common factor of 90 and w?
18
Let d(j) = 5*j**2 + 1. Suppose -4*o - 4 = -4*y, -o - 3*y + 3 = -0*o. Suppose o = -6*w + 2*w - 4. Let s be d(w). What is the greatest common divisor of 2 and s?
2
Let n = 27 + -27. Suppose n = -4*s + 23 - 3. Suppose 0 = s*g - 3*p - 8, -2*p + 16 = 3*g - p. Calculate the greatest common factor of g and 16.
4
Suppose -s = -3*s + 6, -2*s + 10 = -p. Let r = -12 + p. Let i = r + 60. What is the greatest common divisor of i and 11?
11
Suppose 0*a = 6*a - 4*j - 3482, 3*a + 3*j - 1761 = 0. Calculate the highest common divisor of a and 212.
53
Let a(x) = 2*x**2 + 25*x + 16. Suppose 2*v + 0*v = -2*n - 30, -3*n - 62 = 4*v. Let j be a(v). What is the greatest common factor of 13 and j?
13
Suppose 4*g - 3*g = m + 32, -g = -4*m - 23. Let a be 35/2*(8 - 4). Calculate the highest common factor of g and a.
35
Let u(v) = 16*v - 73. Let s be u(12). Let b = 239 - s. Calculate the greatest common factor of 24 and b.
24
Suppose -4*r + 5*r + 5*d - 70 = 0, 250 = 4*r + 5*d. Suppose 2*k = -4*b + 80, k - 40 = 5*b - 2*b. Calculate the highest common factor of r and k.
20
Suppose 2*h + n - 143 = 0, 43 + 130 = 2*h - 5*n. Calculate the highest common divisor of 111 and h.
37
Let q(h) = -2*h - 1. Suppose 0 = y - 7. Suppose -6*d + 9 = -y*d. Let i be q(d). Calculate the highest common factor of 68 and i.
17
Let i be 20/(-8)*(-144)/15. Calculate the greatest common divisor of 120 and i.
24
Let k be 73/8 + 6/(-48). What is the greatest common factor of 72 and k?
9
Let w = -24 + 26. Suppose -2*n = -3*u + 42, u - 9 = 3*n - w. Let c = 109 - 45. What is the greatest common factor of u and c?
16
Let j(f) be the third derivative of f**4/8 + 3*f**3/2 - 6*f**2. Let x be j(6). Let m be (135/4)/(4/16). What is the highest common factor of m and x?
27
Suppose 7*u + 2328 = 2601. What is the highest common factor of u and 663?
39
Let k be (-15)/3 + 18 + 26. What is the greatest common divisor of 442 and k?
13
Suppose 4*x - 38 = 2*v, -x - 4*x + 48 = -3*v. Calculate the greatest common divisor of x and 5.
1
Let a be 5 + 14/(-3) + (-70)/(-6). Calculate the highest common factor of 16 and a.
4
Let l(k) = k**2 - 50*k - 16. Let r be l(54). Calculate the highest common factor of 8 and r.
8
Let q(o) = -6*o - 17. Let v be q(-4). Suppose -v*r + 28 + 28 = 0. What is the greatest common factor of r and 88?
8
Let t(u) be the third derivative of u**5/60 - u**4/4 - 4*u**3/3 + 10*u**2. Let g be t(12). Suppose 17 = 2*c + 1. Calculate the highest common factor of g and c.
8
Let z(f) = f**2 + 7*f + 19. Let b be z(7). Let l be 3141/b + 2/13. What is the greatest common factor of l and 54?
27
Suppose -5*s = -4*r - r + 7945, 4*s + 1604 = r. What is the highest common divisor of r and 36?
36
Let u(j) = j**2 - 3*j + 1. Let o be (-3 - (0 + -4))*4. Let i be u(o). Let n be 2*(-1)/(-2)*5. Calculate the highest common divisor of i and n.
5
Let u be -1 - 0 - (-24 - -15). Suppose 3 = 3*b, -5*b - 27 = -2*l - u. Calculate the greatest common divisor of 6 and l.
6
Suppose 7*z + 466 = 1005. Calculate the greatest common divisor of z and 28.
7
Let h = -93 + 273. Suppose 4*b - h = -5*f - 0, -b - 144 = -4*f. Calculate the highest common factor of 48 and f.
12
Suppose 2*o + 5 = -3. Let r(x) = 2*x**2 + 3*x. Let w be r(o). Let c = w - 11. What is the highest common divisor 